e y(2). Suppose -n*c = 2*c, c + 55 = 5*f. Suppose f + 2 = i. What are the prime factors of i?
13
Let l = 62 + -57. Suppose -3*c + 3*a = -60, -4*a + 65 = l*c - 2*a. List the prime factors of c.
3, 5
Suppose 5*j = 2*j + 216. Suppose 88*b = 86*b + j. List the prime factors of b.
2, 3
Let r = -44 + 50. Suppose -114 = -r*q + 4*q. List the prime factors of q.
3, 19
Let x = 39 - 35. Let v(y) = y**2 - y - 2. Let r be v(2). Suppose -4*k + 3 + 5 = 0, r = -f + x*k. List the prime factors of f.
2
Suppose -3*v = 2*c - 21, -5*v = 4*c - 5*c - 22. Suppose -v*y + 3 = 23. Let l = y + 15. What are the prime factors of l?
11
Let c(r) = r**2 - 3*r. Let j be -1 + -1 + 87/3. Suppose -4*u - 7 = -j. What are the prime factors of c(u)?
2, 5
Let l(x) be the second derivative of x**3/2 - 2*x**2 + 7*x. What are the prime factors of l(6)?
2, 7
Let d(z) = -z**3 - 9*z**2 - 7*z + 13. Let a be d(-8). Suppose 30 = a*r + 5. Suppose -3*s + 351 = r*y - 2*s, -83 = -y + 3*s. What are the prime factors of y?
71
Let s = 1110 - 928. List the prime factors of s.
2, 7, 13
Let w(n) = -655*n + 28. List the prime factors of w(-3).
1993
Let y(s) = s**2 - 2*s - 2. Let z(p) = p**2 - 6*p - 3. Let d be 10 + 1*(-6)/2. Let h be z(d). List the prime factors of y(h).
2, 3
Let b(c) = c**3 + 21*c**2 - 15*c - 115. List the prime factors of b(-20).
3, 5, 13
Suppose -o - 42 = -7*o. What are the prime factors of (7 + 10 - o)*(1 - -2)?
2, 3, 5
Let a(q) = -q**2 + 14*q - 28. Let g be a(11). Suppose 0 = 3*b + n - 255, -3*b - b + g*n = -340. List the prime factors of b.
5, 17
List the prime factors of ((-290)/4)/(20/(-120)).
3, 5, 29
Let h = 452 + -116. List the prime factors of h.
2, 3, 7
Suppose -14*w - 2 + 128 = 0. Suppose -w*i - 16 = -13*i. What are the prime factors of i?
2
Let p = 67 + -64. Suppose -p*g + 52 = r + g, -4*g + 116 = 3*r. What are the prime factors of r?
2
Suppose 0 = 5*x - 2*x + 72. Let k be (-3)/(x/10)*4. Suppose -k*u - 3*n + 181 = 0, 0*u + u - 5*n = 53. What are the prime factors of u?
2, 19
Suppose -2*f - 3*f + 5*w = 40, -3*w + 18 = -f. Let b be 10/((-10)/4 - f). Let v = -10 + b. List the prime factors of v.
2, 5
Suppose g + 13 = 4*s + 2, -4*s + 10 = -2*g. List the prime factors of (s + 35/(-10))*-202.
101
Suppose -3*f + 51 = o, o = -4*o + 3*f + 345. Suppose 324 = 3*r + o. What are the prime factors of r?
2, 43
Suppose -q - 110 = -194. What are the prime factors of q?
2, 3, 7
Let i(z) = 3*z**3 + 3*z**2 + 32*z - 5. What are the prime factors of i(9)?
2713
Let h be (-6 + 0)*26/(-39). Suppose 207 = h*p - p. What are the prime factors of p?
3, 23
Suppose -f = f - 4. Suppose v - f = -0*v. Suppose 3*d = -3*z + 96, v*d + 3*z = -z + 74. What are the prime factors of d?
3
Suppose 9 + 7 = 2*j + 4*q, -3*q + 12 = 0. Suppose 0 = 3*g - 2*c - j*c - 161, -g + 59 = 2*c. List the prime factors of g.
5, 11
Suppose 4*c + 16 = -3*h, -12 = -2*h - 0*c + 3*c. Suppose 0 = -3*v + 3*u + 84, u + h*u + 78 = 3*v. List the prime factors of v.
5
Suppose -4*p - 3*k = p - 355, -2*k = -4*p + 306. Let a = -49 + p. Suppose 5 = -g + a. What are the prime factors of g?
2, 5
Let v = 3 + 10. Let f = v + -14. What are the prime factors of ((-124)/8)/(f/2)?
31
Let v(b) = 64*b - 48. List the prime factors of v(15).
2, 3, 19
Suppose 3395 = -30*f + 37*f. What are the prime factors of f?
5, 97
Let n be 22*1 + -10 + 8. Suppose 0 = 2*c - 4*f - n, 5 + 4 = c - 3*f. What are the prime factors of c?
2, 3
Let t(i) = 10*i**2 + 14*i + 76. List the prime factors of t(-5).
2
Let i(t) = t + 14. Let n be i(-11). Suppose -4*m - 122 - 91 = -n*p, -2*m - 69 = -p. List the prime factors of p.
3, 5
Let p = 126 - 112. Suppose -3*o = 0, 4*z = 6*z + o - p. List the prime factors of z.
7
Let o(n) = 3*n**2 - 3*n - 4. Let d be o(-2). Let h = -9 + d. Suppose 0 = -4*z - 0*z - 3*p + 25, 0 = -h*z - 3*p + 32. List the prime factors of z.
7
Let z = 99 - 103. What are the prime factors of (-421)/z + 4/(-16)?
3, 5, 7
Let q(r) = -r + 6. Let o = 7 + -4. Let j be q(o). Suppose s - 126 = -j*b, 0 = -3*b + 5*s - 2*s + 114. List the prime factors of b.
41
Suppose -99 = -3*b - 5*o, -5*b - 18 = -4*o - 183. Suppose 0 = -z + b + 2. List the prime factors of z.
5, 7
Let n(s) = 137*s - 119. What are the prime factors of n(5)?
2, 283
Let y = -18 + 27. Let u = y - 13. List the prime factors of -24*(u + 3) - 0.
2, 3
Suppose 5*i = 15, 5*f + 4*i - 25 = 12. Let y(j) = 9*j**2 + 16*j - 10. What are the prime factors of y(f)?
5, 59
Let t = 31 + -19. Suppose 0 = u + 2*g - t, -5*u - g = 4 - 19. Suppose -4*k + u = -10. What are the prime factors of k?
3
Suppose -1962 = -5*o - 13*o. Let d = 346 - o. What are the prime factors of d?
3, 79
Suppose 0 = 10*o - 3*o - 609. Let s = o - 24. List the prime factors of s.
3, 7
What are the prime factors of (-122303)/(-247) + 4/(-26)?
3, 5, 11
Let t = 2028 - -2078. List the prime factors of t.
2, 2053
Let j(s) = -22*s - 27. Suppose -6*t = 19 + 35. What are the prime factors of j(t)?
3, 19
Let t be 1*7/((-21)/(-12)). Suppose t*l + 4 + 60 = 0. Let g = l - -42. What are the prime factors of g?
2, 13
Let z be 2 + 2 - (1 - 111). Let p = z - 33. List the prime factors of p.
3
Suppose 625 = -4*n + 2645. What are the prime factors of n?
5, 101
Suppose 5*l + 182 = -68. Let c = l - -89. List the prime factors of c.
3, 13
Let z be (320/4)/5 - 4. Suppose 4*f - 8 = 64. List the prime factors of (-315)/f*z/(-10).
3, 7
Suppose 0 = -19*o - 7993 + 38032. List the prime factors of o.
3, 17, 31
Suppose -53544 = -222*u + 210*u. List the prime factors of u.
2, 23, 97
What are the prime factors of 167 + (-10 - -5) - 11?
151
Let g = 527 + -366. What are the prime factors of g?
7, 23
Let z be 1 - (5 - 0) - 65. Let p = z + 136. What are the prime factors of p?
67
Suppose z = -2*f - 4 + 6, -5*z = 20. Let p be 12 + -1 + f + -5. Suppose -p*y + 6*y + 120 = 0. List the prime factors of y.
2, 5
Let u = 16 + -2. Suppose -u = g - 70. List the prime factors of g.
2, 7
List the prime factors of ((-60)/(-10))/12 - (-441)/2.
13, 17
Let a(z) = -195*z + 89. List the prime factors of a(-6).
1259
Let q = 3 - 8. What are the prime factors of (-1)/(q/16)*15?
2, 3
Let u(w) = -460*w**3 - 2*w**2 - 2*w + 1. What are the prime factors of u(-1)?
461
Let a be ((-3)/2)/(24/(-64)). Let g be a/3 + 4/(-12). Suppose c + g = -2, -2*v = -2*c - 54. What are the prime factors of v?
2, 3
Suppose 3*n - 1384 = -0*w + w, -3*n - 2*w + 1381 = 0. What are the prime factors of n?
461
Let x = 102 + -102. Suppose -f - 3*p = 2 - 6, 2*f = -5*p + 8. Suppose -f*r + 3 + 5 = x. What are the prime factors of r?
2
Let r(x) = x**2 + 4*x + 9. Let m be r(-5). Let d(w) = 3*w - 23. Let l be d(m). List the prime factors of (l - (6 + -4))/1.
17
Let g be (-4)/((-20)/45) + -4. Suppose q + 0 = -4, g*r - 5*q = 1340. List the prime factors of r.
2, 3, 11
Suppose 13*t = 5*y + 14*t - 1350, -3*t = 4*y - 1069. List the prime factors of y.
271
Suppose 140 = 4*s + 3*s. Suppose 4*u - m = 3*m + 116, 4*m = u - s. What are the prime factors of u?
2
Let o(x) = -x**2 + 17*x - 18. Let j be o(17). Let g be 4/18 + (-500)/j. List the prime factors of (g/8)/((-3)/(-18)).
3, 7
Suppose 3*m + 2*m = 20. Suppose -3*k - m = -13. Suppose -4*f = -12, 3*a = -f + 21 + k. What are the prime factors of a?
7
Suppose 20 = -4*h, 0 = 2*r - 4*r + h + 1367. What are the prime factors of r?
3, 227
Let v(q) be the second derivative of -q**5/20 + 5*q**4/6 - 3*q**3/2 + 11*q**2 - 17*q. What are the prime factors of v(9)?
2, 11
Let u be 0 - 1 - (-5 + 8)/(-3). Suppose 3*o - 705 = -u*o. What are the prime factors of o?
5, 47
Let m(b) be the third derivative of b**5/60 + b**4/4 + 5*b**3/6 - b**2 + 5. Suppose -1 - 5 = t. What are the prime factors of m(t)?
5
Suppose 0 = -301*f + 308*f - 7777. What are the prime factors of f?
11, 101
Let x = 937 + -262. What are the prime factors of x?
3, 5
Suppose 4*x - 8*x + 1328 = 0. Suppose -10 = -3*q - l, 16 = 5*q - 4*l + 5. Suppose q*d + d = x. List the prime factors of d.
83
Suppose -2*z - 40 = -10. List the prime factors of (-420)/z - 4*1.
2, 3
Let t = -181 - -195. List the prime factors of t.
2, 7
Let w(s) = s**3 + 10*s**2 - 5*s - 8. Let o be w(-10). Let f = -20 + o. What are the prime factors of f?
2, 11
Suppose 0 = 5*z + 5*i - 2765, 0*z + 4*z = 5*i + 2248. What are the prime factors of z?
557
Suppose -10*o + 0 = 10. What are the prime f